t w(k) = k**2 - 30*k - 5. Let r(v) = -4*a(v) + 3*w(v). Let s be r(16). Suppose -s = 5*c - 934. What are the prime factors of c?
3, 17
Let m be 75*(48/(-216))/((-2)/6). Suppose 48*p + 936 = m*p. What are the prime factors of p?
2, 3, 13
Let b(h) = 89*h**2 - 18*h - 40. What are the prime factors of b(-8)?
2, 5, 29
Let i be (2/6 + (-143)/(-165))*-5. What are the prime factors of (-1596)/i*2 - 4?
2, 3, 11
Let l = 34 - 31. Suppose l*p + 2 = 4*p. Suppose p*z - 6 = 0, -30 - 136 = -4*b - 2*z. What are the prime factors of b?
2, 5
Suppose 10*q - 3*w - 14952 = 5*q, 4*q + 3*w - 11940 = 0. List the prime factors of q.
2, 3, 83
Let z be ((-18)/(-42))/(3/(-21)). Let o(s) = -48*s - 75. What are the prime factors of o(z)?
3, 23
Let f(n) = 15*n**2 + 8*n + 7. Let t be f(-7). Let l = t - 444. List the prime factors of l.
2, 11
What are the prime factors of 190390/(-316)*56/(-5)?
2, 7, 241
List the prime factors of -93*((-49)/(-98) - (-2413)/(-6)).
5, 31, 241
Let t(m) = 55*m**2 - 109*m - 1452. What are the prime factors of t(-13)?
2, 5, 463
Let m = -168 + 189. Suppose 4*v - 4*r - 3684 = 0, -26*v + 4599 = -m*v + r. What are the prime factors of v?
2, 5, 23
Let y be (-1 + (-562)/3)/((-55)/2970). List the prime factors of y/135*(22 + 2).
2, 113
What are the prime factors of 7 + (-1468)/(1/(-154)*7)?
32303
Let z be (-320)/7 + (4 - 90/21). Let k = -6 - z. Suppose 5*v - k = 370. What are the prime factors of v?
2, 41
Let i(h) = -7*h**2 + 15 - 269*h + 314*h - 5. What are the prime factors of i(6)?
2, 7
What are the prime factors of (22288*15)/24*2?
2, 5, 7, 199
Suppose 380 = 4*p - 604. Suppose -3*i + p + 234 = 0. Let o = -85 + i. What are the prime factors of o?
3, 5
List the prime factors of (-2)/19 - (-2044060)/380.
3, 11, 163
Let j be 1 + 6*4/6. Let a(g) = 66*g - 19. Let q be a(j). Suppose -326 = -2*n + 3*i, -4*i + q = 4*n - 361. What are the prime factors of n?
2, 83
Let v = 13977 + -9460. List the prime factors of v.
4517
Suppose -23*c + 123 - 445 = 0. List the prime factors of 586 + -1 - (c + (-1 - -15)).
3, 5, 13
Let b = -1920 + 2839. Suppose 0 = 5*g - 2*c + b, 5*c = -8 + 18. Let s = g + 308. List the prime factors of s.
5
Let g be ((-27)/(-9))/(9/21). Suppose 10*q = g*q - 21. Let a(y) = 3*y**2 - 4*y + 8. What are the prime factors of a(q)?
3, 61
List the prime factors of ((-18401400)/(-99))/25 - (-2)/22.
5, 1487
Let i(b) = 21*b - 1430*b**2 - 1431*b**2 - 60 + 2862*b**2. What are the prime factors of i(24)?
2, 3, 5, 17
Let h(u) = -559*u + 14745. What are the prime factors of h(-44)?
39341
Suppose 10*q = 7*q - 2*d + 7943, 0 = 2*q - 3*d - 5291. Suppose -9*m + 1025 + q = 0. What are the prime factors of m?
2, 3, 17
Let a(j) = -1632*j + 32393. What are the prime factors of a(0)?
29, 1117
Suppose o = -5*o + 9144. Let q = 2360 - o. List the prime factors of q.
2, 11, 19
Suppose -264 = -6*s + 4*s. Suppose -3*o = -7*o - 2*q + 34, 4*q = 5*o - 10. Suppose o*d + 5*d - s = 0. What are the prime factors of d?
2, 3
Suppose 2*y - 84 + 0 = 0. Let o = 47 - y. Suppose 0 = -o*a + 3*a + 422. What are the prime factors of a?
211
Let d = 56 - -25. Suppose d - 6 = -5*g. List the prime factors of g*(-6)/24*48/5.
2, 3
Let q be (-2)/(-8) + 22/8 + -23. Let u(i) = i**2 + 17*i + 42. What are the prime factors of u(q)?
2, 3, 17
List the prime factors of ((45360/(-32))/45)/(2/(-2820)) - 2.
23, 1931
Let s(y) = -y**2 - y - 2. Let o(x) = -444*x**3 - 4*x**2 - 6. Let i(c) = -o(c) + 2*s(c). What are the prime factors of i(1)?
2, 223
Suppose -447974 = -105*t + 85321. What are the prime factors of t?
3, 1693
Suppose 170 - 618 = -8*a. Suppose 57*u - a*u = 604. List the prime factors of u.
2, 151
Let j(r) = r**3 - 9*r**2 + 9*r - 2. Let u = 56 + -48. Let i be j(u). What are the prime factors of 12/(i/(-8) + (-55)/(-60))?
2, 3
Let c = -44151 - -73646. What are the prime factors of c?
5, 17, 347
Let b(q) = -6*q + 246. Let d be b(41). Let y(o) = 3*o + 1. Let t be y(1). Suppose 3*w + t*v - 87 = d, 4*w - 5*w + 29 = -2*v. List the prime factors of w.
29
Let t be 4 - (2/6 + (-232)/(-6)). Let c = t + 33. List the prime factors of 24*7 + (-2)/c.
13
Let n = 31 + -16. Suppose 0 = 4*s + s - n. Let o(a) = 14*a - 13. What are the prime factors of o(s)?
29
Suppose 3*f - 3*l - 4764 = -0*l, -4*l + 6352 = 4*f. List the prime factors of f.
2, 397
Suppose -4*w + 0*y - 5*y = -38121, -y - 47615 = -5*w. List the prime factors of w.
2, 2381
Let i be (10/20)/(2/20). Suppose 2*k = -a + 3 - i, 3*k = -4*a - 3. Suppose 15*x - 12*x - 357 = a. List the prime factors of x.
7, 17
Let h(n) = -52*n**3 + n**2 - 5*n - 1. Let i be h(-3). Let a = -663 + i. List the prime factors of a.
2, 191
Suppose -h - 24*h + 55923 = -4*h. List the prime factors of h.
2663
Let q(i) = i - 9. Let a(h) = 2*h - 24. Let x be a(12). Let l be q(x). List the prime factors of 10/2 - 846/l.
3, 11
Suppose 5*n - 51 = -12*n. Let a(o) = -7*o**2 - o**3 + 6*o**2 + 9*o**3 + n - 4*o - 2. What are the prime factors of a(2)?
53
Let f(y) = -18*y**2 + 5*y - 4. Let d be f(-4). Let g be 978/(-10) - (d/40 - -8). Let k = g - -231. List the prime factors of k.
7, 19
List the prime factors of 1/((-2)/6) - (33 + (-47953 - -21)).
2, 5987
Let g be -1 - (-4)/(-12)*-3. Suppose 2*f = -69*n + 70*n + 200, -5*f + 2*n + 502 = g. List the prime factors of f.
2, 3, 17
Suppose -3*s - 5*h = -3*h - 8, 5*s + 4*h = 12. Suppose -4*p - 6944 = -s*d, -2*p + 3484 = -14*d + 16*d. List the prime factors of d.
37, 47
Suppose -154*g + 1489239 = -199371. List the prime factors of g.
3, 5, 17, 43
Let s be (-36)/(-16)*4/3. Suppose -7 = t - s. Let h(n) = -n**2 - 18*n - 4. List the prime factors of h(t).
2, 13
Let f(x) = 722*x**3 + 8*x**2 - 15*x - 1. What are the prime factors of f(2)?
53, 109
Suppose -9*h + 8328 = -2616. What are the prime factors of h?
2, 19
Let k = -1191 + 733. Let o = k - -320. Let t = 257 + o. What are the prime factors of t?
7, 17
What are the prime factors of (-14216)/(-5)*(-31)/(-186)*30?
2, 1777
Let o(c) = c**3 - c**2 + 5*c - 100. List the prime factors of o(20).
2, 5, 19
Let f = 158 + -144. Suppose 2*v - 2078 = -f*a + 17*a, 5174 = 5*v + 3*a. List the prime factors of v.
2, 7, 37
Suppose -7*c + 104 = 118. List the prime factors of (35/c)/(52/(-1976)).
5, 7, 19
Let y(a) = 159*a + 1835. List the prime factors of y(39).
2, 7, 41
Let p(t) = 13*t**2 + 4 - 2 - 3*t**3 + t + 5 - 8*t. Let a be p(5). Let m = a - -118. List the prime factors of m.
2, 5
List the prime factors of -485*((-2)/5 + (12 - (-2160)/(-75))).
2, 43, 97
Let v be (-798)/12 - ((-36)/(-18))/(1 + 3). Let n be ((-67)/(-3))/((-3)/(-18)). Let d = v + n. List the prime factors of d.
67
Let x be 16/(-6)*(-6 - (-120)/32). Let c be 4/2 - (-5 - -9 - x). Suppose -c*f = -0*f - 4, 563 = 5*j + 3*f. List the prime factors of j.
2, 7
Let g be 448/70 + (-2)/5 + 0. Let a(d) = d**3 - 5*d**2 - 3*d + 13. List the prime factors of a(g).
31
Let w(d) = -5*d**3 + 17*d**2 + 96*d - 35. What are the prime factors of w(-9)?
7, 19, 31
Let j = -136 + 250. Let y = j - 74. Let t = 112 - y. List the prime factors of t.
2, 3
Let k = -22871 + 23673. List the prime factors of k.
2, 401
Suppose 0 = -f - 2, w - 5*f = 6*w - 48400. What are the prime factors of w?
2, 47, 103
Let i(p) be the second derivative of 5*p**3/3 - 15*p**2 - p. Let z = -245 - -257. List the prime factors of i(z).
2, 3, 5
Let h = 19504 - 11485. What are the prime factors of h?
3, 11
List the prime factors of -5*2586*(-100)/150.
2, 5, 431
Suppose -104*o + 100*o = -2*w + 15010, -3*w + o = -22505. List the prime factors of w.
13, 577
Suppose 9906 = -111*z + 221*z - 108*z. What are the prime factors of z?
3, 13, 127
Let s = -13487 - -19507. Suppose 5*v = -5*j + s, -12*v - 2405 = -14*v - 5*j. What are the prime factors of v?
5, 241
Let s = 5780 - -8350. What are the prime factors of s?
2, 3, 5, 157
Let h(k) = -k**2 - 12*k + 36. Let f be h(-14). Suppose -77 = f*r + 3. List the prime factors of 96/10 + (-4)/r.
2, 5
Suppose 4*a - 3*z = 236471, 166*z + 118233 = 2*a + 165*z. What are the prime factors of a?
2, 11, 2687
What are the prime factors of (7/(-21) - 1/6)/((-15)/170490)?
5683
Let t(u) = -388*u + 2580. List the prime factors of t(-71).
2, 7, 269
Let j = 15312 - -14537. What are the prime factors of j?
19, 1571
Let n(w) = -w - 9. Suppose -4*g - 3 = 2*f + 39, 5*f + 3*g + 77 = 0. Let m be n(f). What